 p?
2, 3, 5, 17
Let r be 3/(2/((-16)/(-12))). What are the prime factors of ((-306)/45)/(r/(-5) + 0)?
17
Suppose 5*v - 19 = 41. Suppose 4*u + v = 56. What are the prime factors of u?
11
Suppose y - 5*i = 109, 3*y - 545 = -2*y + 2*i. List the prime factors of y.
109
Let i = 40 - 35. What are the prime factors of ((-18)/i)/((-4)/90)?
3
Let d = 244 - 123. Suppose -4*w + 283 = -d. What are the prime factors of w?
101
Suppose -15*j + 5939 = -45526. List the prime factors of j.
47, 73
Suppose g - 78 = 4*c - 2*c, 5*c = -g - 181. Let z = c - -40. List the prime factors of (10/z)/(10/135).
3, 5
Suppose y - 5*y + 3*b = -55, 4*b - 92 = -5*y. Let i = y + -13. Suppose 0 = -5*c - 5*z + 55, 2*z + 45 = i*c + z. What are the prime factors of c?
2, 7
Suppose 15 = -2*b + 7. List the prime factors of 8*b/3*30/(-8).
2, 5
Suppose -90 = 2*p - 498. Suppose 0*h - 2*h + 5*t = -100, -t = -5*h + p. What are the prime factors of h?
2, 5
Suppose 27504 = 5*k - l, -14*l = -k - 16*l + 5492. List the prime factors of k.
2, 5, 11
Let b = -269 + 510. Let d = -135 + b. What are the prime factors of d?
2, 53
Suppose 0 = -3*u - 1 + 4. Suppose -5*b + 3*t - 2*t + 354 = 0, 0 = -2*b - 4*t + 146. Let z = b - u. What are the prime factors of z?
2, 5, 7
Let a(h) = 3*h + 3. Let g be a(0). Suppose 0 = 5*k - l - 26, -l + 38 = g*k + 4*l. Suppose 191 + 139 = k*w. List the prime factors of w.
5, 11
Suppose -2*k = -50 - 12. Let a = k + -9. What are the prime factors of a?
2, 11
Let p be 4/(-5)*(-10)/4. Suppose -88 = -p*y - 5*w, y + 2*w = -w + 42. List the prime factors of y.
2, 3
Let r(a) = 11*a + 1. Let h be r(5). Suppose 2*w = 4*p - h, 0 = -3*p - w - 3 + 50. What are the prime factors of (-6)/15 - (-336)/p?
2, 11
Let g be (2 + (-5 - -3))/(-2). Suppose 2*i = -g - 2, 4 = 3*a - i. List the prime factors of a*(-3 + -1 - -51).
47
Let q(b) = 22*b**2 + 16*b - 6. What are the prime factors of q(4)?
2, 5, 41
Let z(r) = r**2 - 1. Let b = 11 - 9. Let f be z(b). Suppose f*w + 3*w - 180 = 0. What are the prime factors of w?
2, 3, 5
Suppose -15*c + 27047 = 2*c. List the prime factors of c.
37, 43
Let u = 48 + -34. List the prime factors of (-2 - -4) + u + 4.
2, 5
Let j(t) be the first derivative of -t**2 - 5*t - 8. Let x be j(-2). List the prime factors of 6 + (3/1 - x).
2, 5
Let p = -101 + 100. What are the prime factors of (313 - (5 + -3)) + (-2 - p)?
2, 5, 31
Let p(g) = -4*g. Let u be p(-1). What are the prime factors of 7*u/(12/33)?
7, 11
Let v(x) = -x**3 + 6*x**2 - 14*x + 36. List the prime factors of v(-12).
2, 3, 233
What are the prime factors of -2*(8 + -2 + -5) + 139?
137
Suppose -25 = -4*p - 1. Suppose 0 = 7*y - p*y. List the prime factors of 39 + ((-2)/(-2) - y).
2, 5
Let a(n) be the second derivative of n**4/6 - n**3/6 + n**2 - 10*n. Let y be a(3). Suppose -3*v = -2*v - y. What are the prime factors of v?
17
List the prime factors of -50*45/(-20)*2.
3, 5
Suppose -5*u + 4*j - 484 = -10*u, u = -2*j + 92. List the prime factors of u.
2, 5
Suppose 0 = -4*g + 212 + 1632. Suppose 6*d = 97 + g. What are the prime factors of d?
3, 31
Suppose m = -4*i + 4455, i - m - 812 = 308. What are the prime factors of i?
5, 223
Let c(b) = 11144*b + 8 + 2 - 11139*b. Let y be 1 + 8 + 2 + 0. What are the prime factors of c(y)?
5, 13
Let z(v) = 30*v**2 + 29*v**2 - 3*v - 53*v**2. What are the prime factors of z(2)?
2, 3
Suppose -o + 5 = 2*c, 0*o + 11 = -c - 5*o. Suppose 0*j - j - 3*m = -51, -c*j + 249 = 3*m. List the prime factors of j.
2, 3, 11
Suppose -7*z = -3144 + 386. What are the prime factors of z?
2, 197
Suppose r = 4*x - 17, -2*x - 4*r - 13 - 1 = 0. Let z(a) = 9*a - 3. Let d be z(3). Let w = d + x. List the prime factors of w.
3
Suppose -13055 = -5*l - 5*f, -15*f = -4*l - 14*f + 10434. List the prime factors of l.
2609
Let u(l) = 3*l + 8 + 2 - 8 + l + 2*l**2. Let y be u(-6). Suppose -2*j + 10 = -y. What are the prime factors of j?
2, 3, 5
Let m be (-1)/((-9)/12 + 1086/1464). Let b = 218 - m. List the prime factors of b.
2, 3
Let u(a) = 89*a + 19. Let c be u(-4). List the prime factors of c/(-2) - 1/2.
2, 3, 7
Let s = -10 - -8. Let r be (-2 + 3 - s) + 2. What are the prime factors of 1/(-10)*-154*r?
7, 11
Let s(x) = 23*x + 27. Let p(k) = -12*k - 13. Let u(j) = -5*p(j) - 3*s(j). What are the prime factors of u(-5)?
29
Suppose 3*m + 0*q + q = -11, -2*m = 4*q + 4. Let g(o) = -2*o**2 - 4*o + 6. Let v be g(m). List the prime factors of 1288/40 + (-8)/v.
3, 11
Let x = -34 - -36. List the prime factors of ((-173)/x)/((-2)/4).
173
Let g = 4972 + 616. What are the prime factors of g?
2, 11, 127
What are the prime factors of ((-20)/(-8))/((-84)/(-16) - 5)?
2, 5
Let p(s) = s**3 - 6*s**2 + 7*s - 4. Let h be p(5). Suppose -h*w = -w. Let z = 14 - w. What are the prime factors of z?
2, 7
Suppose -3*l - 3*m = 3 + 30, l + 8 = -2*m. Let n = 123 - l. What are the prime factors of n?
137
Suppose -45*w - 2279 = -40754. List the prime factors of w.
3, 5, 19
Let x(h) = 11*h**3 - h**2 + h - 1. Let p be x(1). Suppose -5*w - p = -30. Suppose 0 = -w*v - 17 + 53. List the prime factors of v.
3
Let j(d) = -23*d + 31. List the prime factors of j(-5).
2, 73
Suppose 0 = b + 9*b + 2170. Let k = -154 - b. List the prime factors of k.
3, 7
Let a(s) = 17*s**2 - 3*s - 4. Let i be a(3). Let p = 233 - i. List the prime factors of p.
3, 31
Suppose -26*a + 1972 = -1668. What are the prime factors of a?
2, 5, 7
Suppose 0 = 3*y - 5 - 7. Let s = y + -1. Suppose s*p = 5*p - 32. List the prime factors of p.
2
Let w be (-1 + -24)/((-4)/16). Suppose -3*s - 12 = -0*s, 3*y - s - w = 0. List the prime factors of y.
2
Suppose 314 = 37*u - 14708. List the prime factors of u.
2, 7, 29
Suppose 18*s - 19*s = 2. List the prime factors of (s*(-2 - 0))/(3/147).
2, 7
Let r = 3 + 15. Let w = 17 + -30. Let a = w + r. What are the prime factors of a?
5
Let a(q) = 131*q - 109. List the prime factors of a(7).
2, 101
Suppose 3*x - 24 = 4*b + 99, -2*x = 3*b - 99. Suppose -l - 3*z + 4 = -6, 3*l + 4*z - 25 = 0. Suppose -x = -p - l. List the prime factors of p.
2, 19
Let y(k) = 38*k**2 - 59*k - 20. What are the prime factors of y(7)?
1429
Suppose -2*t - 5348 = -3*s + 1099, t + 10745 = 5*s. List the prime factors of s.
7, 307
Suppose -5*o = 5, -b + 13*o - 12*o + 99 = 0. List the prime factors of b.
2, 7
Let m(g) = g**2 - 6*g - 1. Let l be m(4). Let p = 9 + l. Suppose p*b = -5*b + 80. List the prime factors of b.
2
Let x(y) be the first derivative of 3*y**2 + 6*y + 5. What are the prime factors of x(10)?
2, 3, 11
Suppose 12*z - 15*z = 30. Let q(c) = 3*c**2 + 5*c + 38. List the prime factors of q(z).
2, 3
Let f(s) = -s**3 + 6*s**2 - 13*s + 15. Let a be f(3). Let z(r) = r**3 - 3*r**2 + r + 2. Let j be z(3). Suppose -j*v + 92 = -a*v. List the prime factors of v.
2, 23
Let u be ((-24)/(-14))/(4/280). Let d = u - 16. What are the prime factors of d?
2, 13
Suppose -3*q - 10 = 23. Suppose 3*i - 48 = 33. Let l = q + i. What are the prime factors of l?
2
Suppose 4708 = 346*m - 335*m. What are the prime factors of m?
2, 107
Let q(d) = d**3 - 12*d**2 + 30*d - 37. List the prime factors of q(15).
2, 17
Let k(s) = -49*s + 25. List the prime factors of k(-19).
2, 239
Suppose -5*h - 1200 = -5*z, -5*z - 2*h + 753 = -454. List the prime factors of z.
241
Suppose -3*r - 13 = -5*a, 5*r = -2*a + 6*a - 13. Suppose c + 2*v - 94 = 0, -3*c + c - a*v + 184 = 0. What are the prime factors of c?
2, 3, 5
Suppose 5*u - 2*u = 36. Let n(r) = -3*r**3 - r + 1. Let v be n(1). Let h = u + v. What are the prime factors of h?
3
Suppose -7*v + 9*v = 10. Suppose v*z + 3*o + 13 = 0, 2*z + o = -2*z - 9. What are the prime factors of 31 - 1/(z/(-4))?
29
Suppose 2*m = -2*t + 8642, 5*m + 185 = -4*t + 17470. List the prime factors of t.
2, 3, 5
Suppose h - 6 = 4*h. Let j(s) = 20*s**2 + 8*s + 1. Let y(v) = -7*v**2 - 3*v. Let f(u) = 3*j(u) + 8*y(u). What are the prime factors of f(h)?
19
Suppose 36*v - 20521 = -4537. List the prime factors of v.
2, 3, 37
Let b(a) = a**2 - 19*a + 3. Let r = 43 - 24. Let p be b(r). Suppose p*c = 67 - 1. List the prime factors of c.
2, 11
Suppose 0 = -s - 63 - 36. Let g = -23 - s. List the prime factors of g.
2, 19
Let h(n) = -n**2 - 7*n - 7. Let y be h(-5). Suppose 0 = s + 2 - 0, 0 = y*c - 5*s - 436. List the prime factors of c.
2, 71
Suppose 0 = -3*r - 3*y, -r - 2*r + 5*y - 8 = 0. Let z be (